e
Is 1847 composite?
False
Is 4163935 prime?
False
Is 14597 a prime number?
False
Is 34807 a prime number?
True
Is 791782 composite?
True
Is 67927 a composite number?
False
Is 18686 a composite number?
True
Is 11057 a prime number?
True
Is 12373 a prime number?
True
Is 28499 composite?
False
Is 80287 composite?
False
Is 5585 composite?
True
Is 9901 a prime number?
True
Is 787 prime?
True
Is 11369 a composite number?
False
Is 1323537 prime?
False
Is 681 composite?
True
Is 180731 a composite number?
False
Is 283487 composite?
False
Is 3247 a prime number?
False
Is 43031 composite?
True
Is 75161 a composite number?
False
Is 68369 a composite number?
True
Is 530641 composite?
False
Is 6881 composite?
True
Is 57091 a composite number?
True
Is 18842 prime?
False
Is 3049 prime?
True
Is 815 a prime number?
False
Is 99283 a prime number?
False
Is 1654153 a prime number?
True
Is 326863 composite?
False
Is 1267933 a prime number?
True
Is 667 a prime number?
False
Is 24359 composite?
False
Is 770761 a prime number?
True
Is 419357 a composite number?
True
Is 2525771 prime?
True
Is 244735 a prime number?
False
Is 4769 a composite number?
True
Is 80471 a prime number?
True
Is 996871 composite?
False
Is 242569 a prime number?
False
Is 137929 prime?
False
Is 195659 composite?
False
Is 98909 a prime number?
True
Is 232261 composite?
True
Is 881833 prime?
True
Is 907495 prime?
False
Is 892051 composite?
True
Is 2459 a composite number?
False
Is 3691 a composite number?
False
Is 21517 a composite number?
False
Is 483685 a composite number?
True
Is 3109 prime?
True
Is 10961 a prime number?
False
Is 16921 prime?
True
Is 6637 a composite number?
False
Is 7247 a prime number?
True
Is 4643 a prime number?
True
Is 4377 a prime number?
False
Is 147871 a composite number?
True
Is 49859 prime?
False
Is 18367 composite?
False
Is 285713 a composite number?
True
Is 66491 composite?
False
Is 151295 a composite number?
True
Is 485193 prime?
False
Is 1874519 a composite number?
True
Is 495587 composite?
False
Is 12197 prime?
True
Is 6947 composite?
False
Is 208889 prime?
True
Is 3307 prime?
True
Is 264395 a prime number?
False
Is 123169 a prime number?
True
Is 46001 prime?
False
Is 70423 a prime number?
True
Is 38351 composite?
False
Is 508129 a composite number?
False
Is 16999 prime?
False
Is 1399 a composite number?
False
Is 33791 composite?
False
Is 5557 a composite number?
False
Is 360527 prime?
False
Is 4954 composite?
True
Is 295799 a prime number?
False
Is 3631 a prime number?
True
Is 15913 composite?
False
Is 168617 a prime number?
True
Is 1020599 a composite number?
False
Is 5731 a prime number?
False
Is 4907 prime?
False
Is 58727 a composite number?
False
Is 37709 prime?
False
Is 5627 prime?
False
Is 24943 composite?
False
Is 105139 a prime number?
False
Is 57917 composite?
False
Is 9997 a prime number?
False
Is 11213 prime?
True
Is 265 a prime number?
False
Is 53554 prime?
False
Is 137398 prime?
False
Is 27043 a composite number?
False
Is 1151 prime?
True
Is 33569 a prime number?
True
Is 98305 a composite number?
True
Is 253049 a composite number?
False
Is 87977 a composite number?
False
Is 12611 composite?
False
Is 126397 a prime number?
True
Is 55229 a composite number?
False
Is 23179 composite?
True
Is 92503 prime?
True
Is 31531 composite?
False
Is 4109 composite?
True
Is 126541 composite?
False
Is 5749 composite?
False
Is 8191 a composite number?
False
Is 348731 a composite number?
False
Is 478321 a composite number?
False
Is 125407 composite?
False
Is 10847 prime?
True
Is 16811 prime?
True
Is 43223 a composite number?
False
Is 2159 a prime number?
False
Is 8743 prime?
False
Is 397181 a prime number?
True
Is 42047 prime?
False
Is 51593 composite?
False
Is 13523 composite?
False
Is 4843 prime?
False
Is 5507 a composite number?
False
Is 39281 prime?
False
Is 760673 a prime number?
False
Is 73181 composite?
False
Is 3683 a composite number?
True
Is 293 a composite number?
False
Is 388013 prime?
False
Is 64271 prime?
True
Is 758489 a composite number?
True
Is 11369 composite?
False
Is 901247 composite?
False
Is 12679 a prime number?
False
Is 819023 a prime number?
False
Is 674329 a prime number?
False
Is 263591 a prime number?
True
Is 127027 composite?
True
Is 11167 a composite number?
True
Is 877 composite?
False
Is 77258 a composite number?
True
Is 2447 prime?
True
Is 4441 composite?
False
Is 15891 a composite number?
True
Is 1001123 prime?
True
Is 2039 prime?
True
Is 38242 prime?
False
Is 233009 a composite number?
True
Is 1004251 a composite number?
True
Is 641011 a prime number?
False
Is 226223 prime?
False
Is 1316009 a composite number?
False
Is 2317 a prime number?
False
Is 107927 a composite number?
False
Is 7183 composite?
True
Is 12451 composite?
False
Is 15541 a composite number?
False
Is 74959 a prime number?
True
Is 7978 a composite number?
True
Is 587 a prime number?
True
Is 26207 a prime number?
False
Is 45593 composite?
True
Is 54829 a composite number?
False
Is 6589 a prime number?
False
Is 1982833 a prime number?
True
Is 8537 a composite number?
False
Is 235783 prime?
True
Is 2609 a composite number?
False
Is 23957 a composite number?
False
Is 606721 a prime number?
True
Is 233097 a composite number?
True
Is 4747 composite?
True
Is 1048951 a prime number?
False
Is 177623 prime?
True
Is 34663 a composite number?
True
Is 32117 a prime number?
True
Is 31087 a composite number?
True
Is 47563 composite?
False
Is 44417 composite?
False
Is 388313 a prime number?
True
Is 63647 a prime number?
True
Is 27073 a prime number?
True
Is 3687 prime?
False
Is 6537 composite?
True
Is 185159 a prime number?
False
Is 48782 prime?
False
Is 13285 composite?
True
Is 14057 composite?
False
Is 91673 a composite number?
False
Is 6823657 a composite number?
False
Is 31139 prime?
True
Is 5245 a composite number?
True
Is 81791 prime?
False
Is 4392071 composite?
True
Is 12037 composite?
False
Is 78047 a composite number?
True
Is 739 a prime number?
True
Is 2999 prime?
True
Is 344089 prime?
False
Is 92409 a composite number?
True
Is 61361 a composite number?
True
Is 455827 a prime number?
True
Is 613259 prime?
False
Is 3080003 a prime number?
False
Is 219233 a prime number?
False
Is 15859 composite?
False
Is 99987 prime?
False
Is 37781 a composite number?
False
Is 46481 a prime number?
False
Is 16619 a prime number?
True
Is 106163 prime?
True
Is 57839 a prime number?
True
Is 227663 a prime number?
True
Is 1163273 composite?
False
Is 382427 composite?
False
Is 364783 a composite number?
True
Is 33895 a composite number?
True
Is 79181 a composite number?
False
Is 396413 a prime number?
True
Is 21631 a composite number?
True
Is 13229 a composite number?
False
Is 185 a composite number?
True
Is 19739 a prime number?
True
Is 17291 a prime number?
True
Is 3299 a prime number?
True
Is 2709217 prime?
False
Is 248701 prime?
True
Is 67657 composite?
True
Is 9871 prime?
True
Is 8457 prime?
False
Is 145849 a composite number?
True
Is 13649 composite?
False
Is 123899 composite?
True
Is 2282305 a prime number?
False
Is 1812817 composite?
False
Is 30021 composite?
True
Is 4499 composite?
True
Is 1371353 a composite number?
False
Is 107309 a composite number?
False
Is 45481 a composite number?
False
Is 328543 composite?
False
Is 220166 composite?
True
Is 30023 a prime number?
False
Is 19801 composite?
False
Is 127631 a composite number?
True
Is 240871 prime?
False
Is 112589 prime?
True
Is 26329 composite?
True
Is 8459 composite?
True
Is 13253 composite?
True
Is 1039 prime?
True
Is 35971 composite?
True
Is 31463 a prime number?
False
Is 53069 prime?
True
Is 1409 prime?
True
Is 996461 composite?
False
Is 20849 a prime number?
True
Is 12071 a composite number?
False
Is 51257 composite?
False
Is 285301 composite?
False
Is 258803 composite?
False
Is 1701866 a composite number?
True
Is 34022 a composite number?
True
Is 216551 composite?
False
Is 452629 a composite number?
False
Is 437449 composite?
True
Is 24733 prime?
True
Is 281479 a composite number?
True
Is 540709 composite?
True
Is 20887 composite?
False
Is 52051 prime?
True
Is 861797 prime?
True
Is 1325091 a prime number?
False
Is 577739 a prime number?
True
Is 1901 prime?
True
Is 16097 a prime number?
True
Is 677 a prime number?
True
Is 63